 59 divide 9263?
True
Is 3149 a multiple of 43?
False
Does 48 divide 1488?
True
Does 8 divide 336?
True
Does 14 divide 1387?
False
Does 41 divide 383?
False
Does 330 divide 16390?
False
Is 11 a factor of 11549?
False
Is 456 a multiple of 19?
True
Does 37 divide 370?
True
Does 12 divide 557?
False
Does 7 divide 10213?
True
Is 672 a multiple of 42?
True
Is 539 a multiple of 11?
True
Is 19 a factor of 5782?
False
Is 5060 a multiple of 15?
False
Is 12 a factor of 768?
True
Is 2491 a multiple of 24?
False
Is 2240 a multiple of 28?
True
Is 42 a factor of 6098?
False
Is 132805 a multiple of 74?
False
Is 5496 a multiple of 5?
False
Does 101 divide 1397?
False
Is 21 a factor of 1554?
True
Does 9 divide 7028?
False
Is 802 a multiple of 67?
False
Is 31200 a multiple of 78?
True
Does 7 divide 4225?
False
Is 2484 a multiple of 32?
False
Does 65 divide 455?
True
Does 23 divide 15318?
True
Is 240 a factor of 8640?
True
Is 3 a factor of 83?
False
Is 6 a factor of 700?
False
Is 38 a factor of 963?
False
Is 3080 a multiple of 140?
True
Is 21 a factor of 18466?
False
Does 20 divide 1809?
False
Does 82 divide 21925?
False
Is 13 a factor of 13717?
False
Does 37 divide 11248?
True
Is 3684 a multiple of 47?
False
Is 155 a multiple of 28?
False
Is 195 a multiple of 39?
True
Is 90 even?
True
Is 12138 a multiple of 26?
False
Is 14 a factor of 3588?
False
Does 355 divide 96915?
True
Is 13 a factor of 2275?
True
Is 25 a factor of 87600?
True
Is 510 a multiple of 102?
True
Is 48 a factor of 5241?
False
Is 3102 a multiple of 94?
True
Is 112 a factor of 59448?
False
Is 61 a factor of 95?
False
Is 1000 a multiple of 9?
False
Does 38 divide 60?
False
Does 16 divide 995?
False
Does 3 divide 2212?
False
Is 7920 a multiple of 20?
True
Is 1887 a multiple of 111?
True
Does 7 divide 1343?
False
Does 24 divide 9450?
False
Does 62 divide 330?
False
Is 11070 a multiple of 123?
True
Is 43 a factor of 817?
True
Is 24610 a multiple of 115?
True
Is 21 a factor of 378?
True
Does 8 divide 728?
True
Is 42 a factor of 3612?
True
Does 19 divide 760?
True
Does 25 divide 1112?
False
Is 6011 a multiple of 11?
False
Is 3192 a multiple of 76?
True
Is 40 a factor of 101280?
True
Does 30 divide 7936?
False
Does 36 divide 3204?
True
Does 87 divide 2697?
True
Is 13 a factor of 25012?
True
Is 46 a factor of 39606?
True
Does 18 divide 900?
True
Is 2073 a multiple of 17?
False
Is 194 a factor of 1552?
True
Is 8 a factor of 20824?
True
Is 6178 a multiple of 20?
False
Is 8 a factor of 8?
True
Does 23 divide 3137?
False
Does 55 divide 556?
False
Does 25 divide 200?
True
Is 713 a multiple of 23?
True
Is 11 a factor of 2178?
True
Does 2 divide 227?
False
Does 2 divide 19943?
False
Does 13 divide 208?
True
Does 37 divide 30969?
True
Is 58 a factor of 18842?
False
Is 1245 a multiple of 41?
False
Does 42 divide 1554?
True
Does 90 divide 42390?
True
Is 9050 a multiple of 25?
True
Does 36 divide 2283?
False
Does 6 divide 223?
False
Is 24 a factor of 2404?
False
Does 19 divide 1157?
False
Is 55 a factor of 30470?
True
Is 9010 a multiple of 106?
True
Is 7484 a multiple of 83?
False
Is 672 a multiple of 96?
True
Does 10 divide 19290?
True
Is 263 a multiple of 19?
False
Is 364 a factor of 1092?
True
Is 56 a factor of 558?
False
Is 28 a factor of 862?
False
Does 4 divide 1923?
False
Is 576 a multiple of 12?
True
Is 65 a multiple of 10?
False
Is 355 a multiple of 13?
False
Is 16 a factor of 9524?
False
Is 48 a factor of 864?
True
Does 12 divide 122?
False
Is 3 a factor of 897?
True
Does 51 divide 114765?
False
Does 112 divide 3199?
False
Is 27 a factor of 1754?
False
Does 11 divide 176?
True
Is 7 a factor of 2009?
True
Is 26533 a multiple of 13?
True
Is 6 a factor of 89869?
False
Does 8 divide 16?
True
Is 80 a factor of 7360?
True
Is 6499 a multiple of 13?
False
Is 516 a multiple of 9?
False
Is 36 a factor of 1148?
False
Is 32841 a multiple of 56?
False
Is 1078 a multiple of 10?
False
Does 7 divide 27939?
False
Is 187 a factor of 2057?
True
Does 4 divide 697?
False
Is 2142 a multiple of 80?
False
Is 1413 a multiple of 45?
False
Is 10644 a multiple of 12?
True
Does 6 divide 744?
True
Is 22988 a multiple of 39?
False
Does 23 divide 2098?
False
Is 696 a multiple of 29?
True
Is 67 a factor of 1541?
True
Is 110 a factor of 10670?
True
Is 4 a factor of 4804?
True
Is 27750 a multiple of 185?
True
Is 105 a multiple of 4?
False
Is 11 a factor of 143?
True
Does 44 divide 1848?
True
Is 259 a factor of 3885?
True
Does 48 divide 384?
True
Is 7 a factor of 37534?
True
Is 12 a factor of 1668?
True
Is 117 a factor of 48747?
False
Does 152 divide 16934?
False
Is 34 a factor of 17490?
False
Does 5 divide 198?
False
Does 9 divide 675?
True
Is 5291 a multiple of 11?
True
Does 51 divide 664?
False
Is 62 a factor of 40610?
True
Is 84 a factor of 22512?
True
Does 5 divide 45?
True
Is 6 a factor of 157?
False
Is 8751 a multiple of 5?
False
Is 37 a factor of 217?
False
Is 1121 a multiple of 52?
False
Does 18 divide 4656?
False
Is 52 a multiple of 48?
False
Does 27 divide 9612?
True
Is 12 a factor of 228?
True
Is 16 a factor of 272?
True
Is 105 a multiple of 35?
True
Is 111 a factor of 10167?
False
Is 332 a multiple of 18?
False
Is 11 a factor of 94?
False
Does 8 divide 544?
True
Is 31 a factor of 3348?
True
Does 134 divide 2814?
True
Does 19 divide 6384?
True
Is 6 a factor of 174?
True
Does 383 divide 37917?
True
Is 28 a multiple of 11?
False
Is 27 a factor of 1431?
True
Is 569 a multiple of 58?
False
Is 520 a multiple of 10?
True
Does 73 divide 7592?
True
Does 2 divide 118?
True
Is 5 a factor of 412?
False
Does 70 divide 420?
True
Is 180 a multiple of 36?
True
Is 22442 a multiple of 3?
False
Is 2925 a multiple of 45?
True
Is 1430 a multiple of 110?
True
Is 345 a multiple of 23?
True
Is 103 a multiple of 2?
False
Is 56 a factor of 1400?
True
Is 101 a factor of 37268?
False
Does 62 divide 16187?
False
Is 51435 a multiple of 15?
True
Is 25 a factor of 825?
True
Does 27 divide 1244?
False
Is 3330 a multiple of 30?
True
Is 78 a factor of 1807?
False
Is 286 a multiple of 13?
True
Is 170 a factor of 69670?
False
Does 18 divide 2484?
True
Is 41 a factor of 451?
True
Does 8 divide 559?
False
Is 12 a factor of 7381?
False
Does 66 divide 462?
True
Is 49 a factor of 38406?
False
Is 2516 a multiple of 34?
True
Does 51 divide 3876?
True
Is 512 a multiple of 2?
True
Is 98 a factor of 1078?
True
Is 804 a multiple of 12?
True
Does 120 divide 6720?
True
Is 8054 a multiple of 7?
False
Does 12 divide 2491?
False
Is 58 a factor of 3719?
False
Is 16711 a multiple of 35?
False
Is 102 a factor of 2453?
False
Is 19 a factor of 12502?
True
Does 19 divide 190?
True
Does 110 divide 1783?
False
Does 54 divide 2283?
False
Is 12 a factor of 143?
False
Is 8134 a multiple of 49?
True
Is 336 a multiple of 42?
True
Does 2 divide 2122?
True
Does 33 divide 11964?
False
Is 57 a factor of 4902?
True
Is 571 a multiple of 4?
False
Does 54 divide 8872?
False
Does 70 divide 5950?
True
Is 13965 a multiple of 178?
False
Is 23170 a multiple of 10?
True
Is 69 a factor of 76450?
False
Is 340 a multiple of 68?
True
Is 60 a factor of 4666?
False
Is 48 a factor of 1920?
True
Does 2 divide 134?
True
Does 23 divide 9483?
False
Does 31 divide 421?
False
Does 5 divide 1115?
True
Is 8 a factor of 23197?
False
Is 27216 a multiple of 112?
True
Does 24 divide 86256?
True
Does 18 divide 6696?
True
Is 11016 a multiple of 102?
True
Does 16 divide 3317?
False
Does 92 divide 21620?
True
Is 243 a factor of 13851?
True
Is 10 a factor of 610?
True
Is 45 a factor of 4545?
True
Is 6 a factor of 1553?
False
Does 4 divide 6578?
False
Is 80 a factor of 1200?
True
Is 11 a factor of 50446?
True
Does 21 divide 49266?
True
Is 2 a factor of 1105?
False
Does 25 divide 723?
False
Is 480 a multiple of 32?
True
Does 10 divide 1661?
False
Is 12 a factor of 1764?
True
Does 7 divide 8?
False
Does 7 divide 10276?
True
Does 25 divide 6695?
False
Is 101 a factor of 1000?
False
Is 48 a factor of 9264?
True
Is 38129 a multiple of 13?
True
Does 12 divide 690?
False
Is 2727 a multiple of 101?
True
Is 18223 a multiple of 42?
False
Is 23755 a multiple of 172?
False
Does 23 divide 12244?
False
Does 16 divide 432?
True
Is 426 even?
True
Is 87 a factor of 11941?
False
Is 170 a factor of 5780?
True
Is 19 a factor of 722?
True
Is 60 a 